Calculate the highest common factor of p and k.
11
Suppose 87*f + 18 = 93*f. Calculate the greatest common factor of f and 5.
1
Let n(o) = -2*o**2 - 29*o - 10. Let g be n(-14). Suppose 0 = 4*w + 3*u - 1141, 1140 = 2*w + 2*w + g*u. Calculate the highest common factor of 26 and w.
26
Let o(w) = -2*w**2 + 11*w. Let d be o(5). Let z be ((-160)/50)/((-1)/d). What is the highest common divisor of z and 16?
16
Suppose -30 = -5*r + 5*m, -2*r = -3*r + 2*m + 8. Suppose 8 = 4*l - r*w, -2*w + 4 = -2. Suppose 12 = -l*v + 42. Calculate the greatest common factor of 48 and v.
6
Suppose 4*v + 19*k - 20*k = 64, 3*v - 43 = 2*k. What is the greatest common divisor of 4 and v?
1
Let g = 31 - 31. Suppose -12 = -4*v, k + 5*v + 3 - 40 = g. What is the highest common divisor of k and 66?
22
Suppose 0 = 4*g + 8, -4*i = -g - 146. Suppose -l = l - 5*v - 34, -4*l + 2*v = -i. What is the highest common factor of 77 and l?
7
Let p(s) = -18*s - 27. Let d be p(-12). Calculate the greatest common divisor of 7 and d.
7
Suppose 19*p - 18*p - 212 = -2*n, 4*n = 2*p - 416. What is the highest common divisor of 140 and p?
70
Let x(r) = -r**3 + 6*r**2 + 7*r + 5. Let g be x(7). Suppose -j = -5*j - 8, -j = g*v - 73. What is the greatest common divisor of 75 and v?
15
Let c be 2/(-4) + 26/4. Let b(v) = -v**2 - 33*v - 62. Let p be b(-31). Suppose p = c*f - 2*f - 8, j = 2*f + 18. What is the greatest common factor of 2 and j?
2
Let x be 0 - 0 - (-88 + 0). Suppose 18*p - 1097 = -5*b + 19*p, 4*p = 3*b - 648. What is the highest common divisor of x and b?
44
Let b(h) = -h**3 + 10*h**2 + 11*h - 7. Let m be b(11). Let w be m*1*(-16)/1. Let c = w + -44. Calculate the highest common divisor of 17 and c.
17
Let f = 949 - 977. Let j(d) = -105*d - 1. Let c be j(-1). Let o be -28*(c/f - -2). Calculate the greatest common factor of 16 and o.
16
Suppose -3*o = z - 75, z + 10*o = 5*o + 85. Calculate the greatest common factor of z and 84.
12
Suppose -20 = -3*i + 2*m, -1 = -3*i - 2*m + 15. Suppose 3*j + 2*p - 126 = 0, -9*j + 4*j - 4*p + 210 = 0. What is the highest common divisor of j and i?
6
Suppose -5*y + 174 = -91. Let d be 27/5 + (-33)/(-55). Let x be y + (d - (4 + -1)). Calculate the highest common divisor of x and 7.
7
Let g be (-6)/3 + 2 - -3 - 3. Let s be (1 - 0 - -50) + 3 + g. Calculate the greatest common divisor of 135 and s.
27
Let j(w) = -4*w - 4. Let o be j(-3). Let r(t) = 3*t - 14 + 0 + 3. Let g be r(o). Calculate the greatest common divisor of 13 and g.
13
Let f be -1 + 1*(7 + -3). Suppose 0 = -f*b + 4 + 5. Suppose 5 + b = q. What is the greatest common divisor of 80 and q?
8
Let i = 83 + 62. Let y be (-1)/(-2 - (-285)/145). What is the highest common factor of y and i?
29
Let o(z) = -z**3 + 34*z**2 - 27*z - 163. Let q be o(33). What is the greatest common factor of q and 14?
7
Suppose -n - 4 = 3*g, 2*g = -n - 1 - 3. Suppose g = -3*k - 2 + 26. Calculate the highest common factor of k and 32.
8
Suppose 64 = 12*h - 8*h. Let n = h + 3. Let o = 31 - n. What is the highest common divisor of 48 and o?
12
Let g(l) = -l**3 - 56*l**2 - 109*l - 12. Let v be g(-54). Suppose -5*q - 410 = -2*x - 2*x, -428 = -4*x - 4*q. Calculate the greatest common divisor of x and v.
21
Let s(g) = -7 - 2 + 27*g**2 - 7*g + 4 + 0. Let u be (3 - (-10)/(-2))/1. Let b be s(u). Calculate the highest common factor of 13 and b.
13
Let f be (-2)/14 + 424/28. Let w be 1/(0 - -1) + 44. What is the highest common divisor of w and f?
15
Let f be ((4*-13)/(-2))/((-11)/(-44)). Let c be (-201)/(-15) + 4/(-10). Calculate the greatest common factor of f and c.
13
Let x be 201/((-8)/((-384)/36)). What is the greatest common divisor of x and 4?
4
Let g = -1611 - -1618. Calculate the highest common factor of g and 217.
7
Suppose -4*h = -4*a - 240 - 336, -4*a + 282 = 2*h. What is the greatest common factor of 33 and h?
11
Let m(r) = 76*r**3 - 5*r**2 + 10. Let h be m(2). Calculate the highest common factor of 92 and h.
46
Let w(i) = i - 1. Let y be w(1). Suppose y*r + 22 = r. Let b(s) = s**3 + 26*s**2 + 6*s + 354. Let h be b(-26). What is the greatest common factor of r and h?
22
Let j(y) = -10*y**2 + 48*y - 30. Let l(k) = -7*k**2 + 32*k - 20. Let g(f) = 5*j(f) - 7*l(f). Let d be g(8). What is the highest common factor of d and 36?
18
Let m be (-50)/(-3) + (-3)/(-9). Let p be (4 - (-1844)/14) + (-28)/(-98). Calculate the greatest common divisor of m and p.
17
Let h = 1157 + -1139. Calculate the greatest common divisor of h and 9.
9
Suppose -405 = -3*w - 84. Suppose -268 = -3*o - o. Let s = w - o. Calculate the greatest common factor of 5 and s.
5
Let a = 100 + -60. Suppose 4*s + 30 = i - 3, 15 = -5*i. Let b = -1 - s. Calculate the highest common divisor of b and a.
8
Let r be ((-77)/(-21) - 4)/((-1)/(-417)). Let q = -89 - r. What is the greatest common divisor of q and 25?
25
Let a be (-3)/(-12) - (13545/(-28))/9. Calculate the greatest common divisor of a and 27.
27
Suppose 0 = -2*z - 5*o + 157 + 31, -z - 5*o = -84. Let h be (2 - (-1 + 29))*(-139)/278. What is the highest common factor of h and z?
13
Suppose -3*x + 43 = -2*x + 2*d, -3*x - 3*d = -135. What is the highest common divisor of x and 94?
47
Suppose z + 0*z + 11 = 3*s, -z - 5*s = -21. Let r = z - -11. Let a = -44 - -62. Calculate the greatest common factor of a and r.
6
Let n be 4/3*(-108)/(-48). What is the highest common factor of n and 3?
3
Let r be 400/28 - 2/7. Suppose -6*c = -3*c - 4*c. Suppose y + 450 = 4*f, c = -2*f - 4*y + 7*y + 230. What is the greatest common factor of r and f?
14
Let p(r) = -35*r - 5 + 20*r + 20*r. Let k be p(7). Calculate the greatest common divisor of k and 270.
30
Let m(l) = -2*l + 1 + 5*l + 4*l + 12. Let r be m(7). Calculate the greatest common factor of r and 93.
31
Let u be 2 - (0 + 1) - -12. Suppose 52 = 6*f - 5*f. Calculate the greatest common factor of f and u.
13
Let u be (0 - (-21)/4)/((-30)/(-320)). Let v = 3 + 1. Let a = 18 - v. What is the greatest common divisor of a and u?
14
Suppose u + 3*v - 39 = 0, 4*v = -3*u - 0*v + 92. Let h be -5 + 60/6 - (0 + 2). What is the highest common divisor of u and h?
3
Let o(n) = -n**2 + 20*n + 8. Let k be o(18). Suppose 0 = 4*i + 5*u - 66, 0*i + 3*i - k = -u. What is the greatest common factor of 98 and i?
14
Suppose 2*v + 192 = -3*t, t + 3*v + 94 = 30. Let j = t + 70. Let h = -8 + 11. What is the highest common factor of j and h?
3
Let c = 1325 + -1313. Calculate the greatest common factor of c and 150.
6
Let g be ((-147)/14)/((-3)/(-18)). Let l = 64 + g. Calculate the highest common factor of 1 and l.
1
Let o(v) = -3*v - 5. Let f be o(-4). Suppose 4*x - f*x = -96. Suppose -3*g + 3*k + 24 = 0, 4*g = 2*k + 3*k + 36. What is the greatest common divisor of g and x?
4
Let u be (110/(-10) - -12)/((-1)/23). Let w be (-69)/2 + (-1)/2. Let q = u - w. Calculate the highest common divisor of q and 12.
12
Suppose 1470 = 4*q + 2*r, -5*q + 5*r + 717 = -3*q. Calculate the greatest common divisor of q and 6.
6
Let i be (8/(-12))/(1/3) + -3. Let n be 35 + -1 + 4 + -1 + i. Calculate the highest common divisor of 48 and n.
16
Suppose -9*j + 1044 = 3*j. What is the greatest common divisor of 29 and j?
29
Suppose 38*y = 47*y - 2295. Calculate the highest common divisor of y and 30.
15
Suppose -6 = -y + 2*d, 0 = y + 2*y + d - 46. Let a = -35 + 24. Let b = a + y. Calculate the greatest common factor of b and 1.
1
Let n be 143260/780 + 4/6*-1. Calculate the greatest common divisor of n and 3.
3
Suppose 5*a - 101 = 48*f - 45*f, 0 = -5*a + f + 107. Suppose 3*c - 8*c = -165. Calculate the greatest common factor of a and c.
11
Let h be (32/(-2))/(-4) + 1. Let m be ((-1)/(1/h))/((-2)/12). Calculate the greatest common divisor of m and 15.
15
Let x be 4 + 5 + (-2 - 4). Suppose x*g - 80 = -g. Calculate the greatest common divisor of 70 and g.
10
Suppose 0*a + 2*s = -4*a + 84, -2*a - 5*s + 26 = 0. Calculate the highest common divisor of a and 391.
23
Let u = -44 + 104. What is the greatest common factor of 300 and u?
60
Suppose 8*w - 72 = 6*w. Let z be 406/8 - (-9)/w - 3. What is the greatest common divisor of 32 and z?
16
Suppose -3*k - 2*u + 24 = 0, 4*k + 0 = 4*u + 12. What is the highest common factor of 54 and k?
6
Let h(b) = 11*b - 2. Suppose -3*t = -4*y - 8, 0*y + 5*t - 16 = 4*y. Let p be h(y). What is the greatest co